 f = -11518 - -16221. Is f a composite number?
False
Suppose -794 = -18*g - 2612. Let f = g + 107. Suppose 5*t + 2*p = f*p + 4511, 887 = t + 3*p. Is t a composite number?
True
Suppose 35 = 4*d - 17. Let q(j) = -j**3 - 32*j**2 + 10*j - 28. Let w(x) = -2*x**3 - 66*x**2 + 19*x - 55. Let i(k) = d*q(k) - 6*w(k). Is i(-21) prime?
True
Suppose 0 = 5*z + 4*u + 13, -2*u - u - 9 = 3*z. Let l(m) = 16*m - 33*m + 1932*m**2 + 17*m - 1. Is l(z) composite?
False
Is ((17581122/9)/(-13))/(0 + -2) prime?
True
Let m(p) = -11 + 269*p - 81*p - p**2 - 170*p. Suppose -8 = -5*x + 4*x. Is m(x) a prime number?
False
Let d = -538 + 534. Is (21547 - 3 - d) + 18/(-3) a prime number?
False
Let o = 834 - -320. Suppose 408 + o = 2*m. Is m prime?
False
Suppose -1 - 5 = -v - 3*g, 0 = -v - 2*g + 10. Suppose 0 = -v*l + 5*l + 143. Suppose 563 = l*k - 1472. Is k a prime number?
False
Let v(i) = 98*i**2 + 49*i + 6. Let u be v(9). Suppose 4*q = -2*f + 11184, -3*f + u = -17*q + 20*q. Is q prime?
True
Let t(n) = -n**3 - n**2 + n + 14. Let g be t(0). Suppose -6 = -16*v + g*v. Suppose 0 = v*q - 1224 - 1149. Is q a prime number?
False
Let r(s) = 131*s + 1167. Is r(106) composite?
False
Let q = -316 - -312. Is (-4 - -9)/(((-8)/958)/q) prime?
False
Let d(o) = o**2 + 4*o - 10. Suppose 0 = -6*i + 3*i - 18. Let p be d(i). Suppose 0 = -p*z + 326 - 8. Is z a composite number?
True
Let u be 7512/(-12)*1/(-2). Suppose c - u = 4194. Is c a prime number?
True
Suppose 2*m - 1767 = -461. Suppose -r + 7 - 4 = 0. Suppose r*a - 1738 - m = 0. Is a a prime number?
True
Let k = -258 + 265. Suppose -4496 = -k*r + 6627. Is r a prime number?
False
Suppose -5*j - 34 - 16 = 0. Let c be 72/(-30)*j/4. Let u(p) = 2*p**2 - 8*p + 9. Is u(c) a composite number?
True
Suppose 75*w + 3370 = 65*w. Let h = w + 1436. Is h composite?
True
Suppose 12354 = 2*m - 3*d - 68552, 0 = -m - 3*d + 40453. Is m a composite number?
True
Suppose -2*i = 3*x - 89 - 2, 2*x - 34 = 4*i. Let l be (-6)/x*22929 - 8/12. Let h = l - -7249. Is h a composite number?
False
Let b = 82 + -136. Let y = 64 + b. Suppose o = y*o - 14697. Is o composite?
True
Suppose -11*m = -16*m - 85. Let c = 16 + m. Is (c/9*-3)/((-2)/(-894)) prime?
True
Let p = 1168131 + -335653. Is p a prime number?
False
Let l be ((-166)/(-8))/(25/200). Suppose -b = 5*f + 2 - 180, -5*f + 3*b = -l. Is f a composite number?
True
Let b(t) = -16 - 78*t - 42*t + 35 - 26. Is b(-29) prime?
False
Suppose -2*d = 3*i - 7*d - 1007, -5*i + 1691 = -2*d. Is ((-4)/(-14) + i/63)*9 composite?
True
Let v = 2933 - -731. Let m = -2192 + v. Suppose m = 4*n - 2*z + 424, 0 = -z + 2. Is n a prime number?
True
Let o(p) = -4*p + 72. Let z be o(19). Let g be (-74)/z - (14/4 - 4). Suppose g*s = 7*s + 1524. Is s a composite number?
False
Suppose -5*f = -5*b - 34 - 1, -5*f - 3*b + 11 = 0. Suppose f*i - 3*i - 45651 = -2*a, 2*a - 4 = 0. Is i a prime number?
False
Let m(v) = v + 26. Suppose -2*w = -1 + 23. Let n be m(w). Let r(k) = k**3 - 14*k**2 - k + 5. Is r(n) a prime number?
False
Suppose -292 = 10*x - 1652. Let o be ((x/5)/(-4))/(8/(-20)). Suppose 0 = -o*m + 22*m - 745. Is m a composite number?
False
Suppose -5*o + 8*o + 12891 = 0. Let p = o - -9088. Is p a prime number?
False
Suppose -10843 = 10*q - 38273. Let t = q + 1426. Is t composite?
True
Let p(b) = -5*b - 18. Let g be p(-5). Suppose -g*w + w = -30. Suppose m - w*m + 140 = 0. Is m a prime number?
False
Suppose -52*p + 45*p = 1099. Let k = 10 - 12. Is p/k*(-2)/(-1) prime?
True
Let f be (1/7 - 819/(-98))*2. Let v(y) = -y + 20. Let t be v(f). Let w(l) = 97*l**2 - 2. Is w(t) a prime number?
False
Suppose -72 = 4*p - 12. Let t(c) = -c**2 - 12*c + 51. Let v be t(p). Suppose v*d + 3*h - 6731 = d, 0 = -3*d - 3*h + 4041. Is d prime?
False
Suppose 0 = 11*g - 461999 - 2645292. Is g prime?
True
Let s(y) = -y**3 + 10*y**2 - 10*y - 8. Let k be s(8). Suppose k*f = 43*f - 9480. Let d = -2087 + f. Is d prime?
False
Let r = 104 - 67. Suppose 4*l = l + 9, -5*q - 4*l = -r. Suppose -d + 2346 = q*d. Is d composite?
True
Suppose -4 = -2*v, 2*v = -3*t + 11 + 23. Let n(i) = 66*i**2 - 12*i + 113. Is n(t) composite?
True
Suppose 3 = 3*r - 6. Suppose -2*b + 1 = -3*b, -5*t + r*b = -11213. Let w = t + -1496. Is w prime?
False
Let u(f) = 68*f**2 + 22*f + 1. Let k = -141 - -252. Let s = -106 + k. Is u(s) composite?
False
Let i = -4 - -4. Let k(v) = -13*v + i*v**3 - 136*v**2 + 148*v**2 - 12 - v**3. Is k(10) prime?
False
Is (0 + -26734)*1*29/(-58) a composite number?
False
Suppose 48*b = 51*b - 2*l - 250381, l = -2. Is b composite?
False
Let p(h) = 410*h**2 - 6*h - 1. Suppose -7*j + 12 = -9. Suppose -4 = -2*q + 5*y, -j*q + 5*y + 2 = 1. Is p(q) prime?
False
Let x = 84647 - 50674. Is x a prime number?
False
Let p(d) be the second derivative of 0 - 2*d**2 - 15*d - 1/2*d**3 + 2*d**4. Is p(-3) prime?
False
Suppose -8*h = -21*h + 20787. Let s = 2942 - h. Is s a prime number?
False
Let v = -96334 + 216051. Is v composite?
True
Let l be (6/7)/((-12)/(-42)). Suppose 0 = -4*o + o - l, -h - 3*o + 538 = 0. Is h a composite number?
False
Suppose 3*q + 6*f - 5*f + 589 = 0, -2*q + 3*f - 389 = 0. Let n = q - -1042. Let k = 1479 - n. Is k prime?
False
Let n = 198369 - 122036. Is n composite?
False
Suppose -23*m + 891 = -29. Suppose m*r - 30*r - 4670 = 0. Is r composite?
False
Suppose -3 = -4*l + 3*q + 4, -8 = -5*l + 3*q. Is 0/3 - (-3726 + 7)*l prime?
True
Let r = 960679 + -409598. Is r prime?
False
Let r(c) be the third derivative of 89*c**4/2 - 25*c**3/6 - 49*c**2. Let a(d) = 3205*d - 74. Let h(u) = 2*a(u) - 7*r(u). Is h(-5) a prime number?
False
Let p be (3 - 354/30)*(-10)/4. Is 2546 - ((-126)/(-154) + 4/p) a prime number?
False
Let c = -118 + 115. Let i be c - -2 - (4 - 2763). Let v = i - 1047. Is v a composite number?
True
Let g(u) = -16*u**3 + 14*u**2 - 8*u - 19. Let l be (-6)/10 + -2 + (-51)/15. Is g(l) prime?
True
Suppose -4*w + 7*w + 207 = 0. Let v = -6 - w. Suppose l - v = 160. Is l a composite number?
False
Let r(s) = 6*s**2 - 32*s - 33. Let x be (-6)/(-33) + (3 - (-400)/(-22)). Is r(x) a prime number?
False
Let o be 43989/(-465) + (-6)/(-10). Let u = 111 - o. Is u prime?
False
Let t = 7 - 4. Let p be t - ((-2)/(-8) - (-576705)/60). Is 0 - (0 - -1)/(3/p) prime?
True
Let u(l) = -5625*l**3 + l - 1. Let o be u(1). Let b = o - -10328. Is b composite?
False
Let g = 145 - 109. Let u = g - 36. Suppose -3*h + 7*h - 1228 = u. Is h prime?
True
Suppose 93*i - 2501358 + 1365891 = 1776084. Is i composite?
False
Suppose 1373 = 3*v - 2764. Let k = -717 + v. Let g = 1351 - k. Is g prime?
False
Let x(l) = -l**3 - l**2 + l + 1. Let n(w) = w**2 + 8 - 9*w**2 + 5*w - 4*w**3 - 3*w**2. Let g(h) = -n(h) + 6*x(h). Is g(-4) prime?
False
Let h be 76/266 + 1/(14/13408). Suppose 0 = -5*x + a + h, -6 = 2*a - 0. Is x prime?
True
Suppose -346*q - 5*n + 91738 = -345*q, 0 = 3*q + 4*n - 275247. Is q prime?
True
Suppose -69*f = -67*f + 2. Is 1/((f/((-17785)/10))/6) a composite number?
True
Is (947971/68)/((-8)/(-32)) a prime number?
True
Let l(y) = y - 3. Let q be l(8). Suppose -q*d - 19240 = -5*p, -p + 630 = -5*d - 3210. Let o = p + -2487. Is o composite?
True
Suppose k = c + 6*k - 7647, -k + 7631 = c. Is c a prime number?
False
Suppose 3*h - 2*k = -142, -5*h + k - 262 = 4*k. Let a be h/(-12) - (-4)/(-24). Suppose a*m - 7*m = -363. Is m a composite number?
True
Let c(p) = -58*p**2 + 2063*p - 32. Is c(34) a composite number?
True
Let d(h) = 15*h + 4. Let f be d(0). Suppose -5*w = f*u - 0*u - 15167, 0 = -4*u + w + 15173. Is u prime?
True
Let s(d) = -32*d + 9. Let b be s(5). Let l = 75 - b. Suppose -t = -l + 49. Is t prime?
False
Suppose 29765909 = 394*n - 5718125. Is n composite?
True
Suppose 9*j - 490 = 4*j. Let g = 616 + -612. Suppose 2*o - 4*y - 3082 = 0, 6250 = 4*o - g*y + j. Is o a prime number?
False
Let f(o) = 274*o**3 - 3*o**2 + 2*o - 3. Let w(q) = -6*q + 8. Let i be w(-1). Suppose -7*m + 2*r + i = -2*m, 3*m = r + 8. Is f(m) prime?
False
Let d(p) be the first derivative of 19*p**3 + p**2/2 + 28*p - 38. Let t be d(6). Suppose -o - 3 = -2*o, t = 2*c - 4*o. Is c a prime number?
True
Suppose -335644 = 10*t + 1607075 - 7876459. Is t composite?
True
Let m(n) = 21*n**2 + 21*n + 19. Suppose -t = -4*k + 29, 0 = -3*k - 7*t + 12*t + 43. Is m(k) a prime number?
False
Suppose -5*d - 3*x + 16 = 0, x = -3*d - 0*d + 8. Suppose -5*m + 2*